 159 is divided by 75?
9
What is the remainder when 143 is divided by 38?
29
Calculate the remainder when 1005 is divided by 1.
0
Calculate the remainder when 526 is divided by 173.
7
Calculate the remainder when 194 is divided by 29.
20
What is the remainder when 1204 is divided by 76?
64
Calculate the remainder when 836 is divided by 4.
0
Calculate the remainder when 452 is divided by 118.
98
Calculate the remainder when 133 is divided by 17.
14
What is the remainder when 299 is divided by 12?
11
What is the remainder when 196 is divided by 192?
4
What is the remainder when 224 is divided by 3?
2
What is the remainder when 458 is divided by 111?
14
Calculate the remainder when 106 is divided by 32.
10
Calculate the remainder when 90 is divided by 24.
18
Calculate the remainder when 187 is divided by 49.
40
What is the remainder when 361 is divided by 92?
85
Calculate the remainder when 1470 is divided by 735.
0
What is the remainder when 2471 is divided by 13?
1
Calculate the remainder when 1322 is divided by 7.
6
What is the remainder when 453 is divided by 35?
33
What is the remainder when 1584 is divided by 2?
0
What is the remainder when 731 is divided by 177?
23
What is the remainder when 617 is divided by 207?
203
Calculate the remainder when 1075 is divided by 215.
0
Calculate the remainder when 289 is divided by 89.
22
What is the remainder when 273 is divided by 34?
1
Calculate the remainder when 231 is divided by 9.
6
What is the remainder when 74 is divided by 20?
14
What is the remainder when 170 is divided by 52?
14
Calculate the remainder when 6954 is divided by 30.
24
Calculate the remainder when 1460 is divided by 46.
34
Calculate the remainder when 771 is divided by 3.
0
Calculate the remainder when 8 is divided by 7.
1
Calculate the remainder when 663 is divided by 24.
15
Calculate the remainder when 35 is divided by 29.
6
What is the remainder when 11555 is divided by 10?
5
What is the remainder when 142 is divided by 118?
24
Calculate the remainder when 4961 is divided by 3.
2
What is the remainder when 423 is divided by 53?
52
Calculate the remainder when 493 is divided by 37.
12
Calculate the remainder when 651 is divided by 163.
162
What is the remainder when 59239 is divided by 49?
47
Calculate the remainder when 329 is divided by 108.
5
Calculate the remainder when 15309 is divided by 48.
45
Calculate the remainder when 416 is divided by 71.
61
Calculate the remainder when 43 is divided by 9.
7
Calculate the remainder when 274 is divided by 28.
22
What is the remainder when 324 is divided by 39?
12
What is the remainder when 174 is divided by 16?
14
What is the remainder when 1599 is divided by 22?
15
What is the remainder when 593 is divided by 44?
21
Calculate the remainder when 4955 is divided by 1647.
14
Calculate the remainder when 820 is divided by 19.
3
Calculate the remainder when 74 is divided by 41.
33
Calculate the remainder when 4114 is divided by 6.
4
What is the remainder when 61 is divided by 57?
4
What is the remainder when 1504 is divided by 52?
48
Calculate the remainder when 76 is divided by 33.
10
What is the remainder when 28 is divided by 6?
4
Calculate the remainder when 16 is divided by 3.
1
What is the remainder when 25 is divided by 12?
1
Calculate the remainder when 34 is divided by 9.
7
Calculate the remainder when 1273 is divided by 214.
203
Calculate the remainder when 71 is divided by 7.
1
What is the remainder when 188 is divided by 166?
22
What is the remainder when 6195 is divided by 40?
35
What is the remainder when 937 is divided by 47?
44
Calculate the remainder when 193 is divided by 11.
6
Calculate the remainder when 1510 is divided by 14.
12
Calculate the remainder when 1783 is divided by 412.
135
What is the remainder when 217 is divided by 61?
34
What is the remainder when 501 is divided by 6?
3
What is the remainder when 375 is divided by 18?
15
What is the remainder when 317 is divided by 72?
29
Calculate the remainder when 329 is divided by 234.
95
What is the remainder when 286 is divided by 66?
22
What is the remainder when 79 is divided by 57?
22
What is the remainder when 1700 is divided by 81?
80
Calculate the remainder when 95 is divided by 22.
7
What is the remainder when 6156 is divided by 137?
128
What is the remainder when 284 is divided by 7?
4
What is the remainder when 848 is divided by 3?
2
What is the remainder when 93 is divided by 9?
3
Calculate the remainder when 418 is divided by 24.
10
What is the remainder when 1942 is divided by 5?
2
What is the remainder when 1654 is divided by 92?
90
Calculate the remainder when 3024 is divided by 7.
0
Calculate the remainder when 454 is divided by 19.
17
What is the remainder when 198 is divided by 13?
3
Calculate the remainder when 220 is divided by 14.
10
What is the remainder when 458 is divided by 165?
128
What is the remainder when 25 is divided by 7?
4
What is the remainder when 19 is divided by 10?
9
Calculate the remainder when 14164 is divided by 46.
42
Calculate the remainder when 388 is divided by 12.
4
What is the remainder when 311 is divided by 82?
65
What is the remainder when 232 is divided by 189?
43
Calculate the remainder when 140 is divided by 25.
15
What is the remainder when 75 is divided by 24?
3
What is the remainder when 578 is divided by 257?
64
What is the remainder when 109 is divided by 32?
13
What is the remainder when 288 is divided by 72?
0
What is the remainder when 231 is divided by 87?
57
What is the remainder when 70 is divided by 19?
13
Calculate the remainder when 52 is divided by 25.
2
Calculate the remainder when 835 is divided by 28.
23
What is the remainder when 94 is divided by 12?
10
What is the remainder when 827 is divided by 4?
3
Calculate the remainder when 216 is divided by 94.
28
Calculate the remainder when 102 is divided by 20.
2
Calculate the remainder when 243 is divided by 7.
5
Calculate the remainder when 117 is divided by 20.
17
Calculate the remainder when 30 is divided by 14.
2
What is the remainder when 617 is divided by 150?
17
Calculate the remainder when 83 is divided by 40.
3
What is the remainder when 131 is divided by 17?
12
Calculate the remainder when 624 is divided by 201.
21
What is the remainder when 3090 is divided by 107?
94
Calculate the remainder when 47 is divided by 33.
14
What is the remainder when 350 is divided by 117?
116
Calculate the remainder when 5905 is divided by 257.
251
Calculate the remainder when 53 is divided by 7.
4
What is the remainder when 260 is divided by 22?
18
What is the remainder when 529 is divided by 107?
101
Calculate the remainder when 381 is divided by 175.
31
Calculate the remainder when 792 is divided by 114.
108
Calculate the remainder when 523 is divided by 83.
25
What is the remainder when 631 is divided by 20?
11
What is the remainder when 9230 is divided by 51?
50
What is the remainder when 517 is divided by 26?
23
What is the remainder when 116 is divided by 59?
57
Calculate the remainder when 3932 is divided by 281.
279
What is the remainder when 347 is divided by 108?
23
Calculate the remainder when 591 is divided by 7.
3
Calculate the remainder when 202 is divided by 50.
2
What is the remainder when 730 is divided by 185?
175
What is the remainder when 29867 is divided by 251?
249
Calculate the remainder when 2627 is divided by 156.
131
What is the remainder when 1866 is divided by 227?
50
Calculate the remainder when 40 is divided by 3.
1
What is the remainder when 111 is divided by 41?
29
Calculate the remainder when 3098 is divided by 66.
62
Calculate the remainder when 705 is divided by 79.
73
Calculate the remainder when 244 is divided by 62.
58
What is the remainder when 157 is divided by 10?
7
What is the remainder when 29 is divided by 23?
6
What is the remainder when 463 is divided by 236?
227
What is the remainder when 159 is divided by 6?
3
What is the remainder when 100 is divided by 54?
46
Calculate the remainder when 1550 is divided by 755.
40
What is the remainder when 101 is divided by 21?
17
What is the remainder when 1811 is divided by 12?
11
What is the remainder when 239 is divided by 229?
10
Calculate the remainder when 21343 is divided by 116.
115
What is the remainder whe